s.
20
Let n be ((-2)/(-7))/1 - 664/(-28). What is the greatest common divisor of 12 and n?
12
Suppose 5*m = -0*m - a + 245, 5*m = a + 235. What is the greatest common factor of m and 32?
16
Suppose -58 = -3*z - 2*z - 4*x, -5*x = -4*z + 30. What is the greatest common factor of 2 and z?
2
Let k = 1 - -7. Let m(p) = p**2 - 10*p + 9. Let o be m(11). What is the highest common factor of k and o?
4
Let f be (-1 + 6/(-2))/(3 - 4). Calculate the greatest common divisor of f and 1.
1
Let c(y) = 3*y**2 - 7*y + 6. Let t be c(4). Let l be t/4*(-7 - -1). Let a = 3 - l. What is the greatest common divisor of 14 and a?
14
Let h be (-50)/4*(-96)/15. Calculate the highest common divisor of h and 20.
20
Let i(v) = v + 1. Let s be i(4). Suppose 59 = 2*h - h + s*m, 0 = 4*h + 4*m - 156. Calculate the greatest common factor of 51 and h.
17
Let k = 36 - 24. Let i = -19 - -31. What is the highest common divisor of k and i?
12
Suppose 3*z - 2*z = 0. Suppose z = -x - 4*x + 10. Suppose j + 22 = 2*j. What is the greatest common factor of j and x?
2
Let m be 6/10 + (-969)/(-85). What is the greatest common factor of m and 168?
12
Suppose -2*b + 5*i = -202, -b + 3*i + 65 + 38 = 0. Calculate the highest common divisor of b and 7.
7
Let j = 29 - 17. What is the highest common divisor of j and 30?
6
Let z(f) = f + 5. Let m be z(4). Calculate the highest common factor of m and 3.
3
Let j(x) = 5*x**2 - 5*x - 4. Let g be j(3). What is the highest common factor of 39 and g?
13
Let q be 12/6 + (-103)/(-1). Suppose -2*g = g - q. Calculate the greatest common factor of g and 7.
7
Let k = -33 - -62. What is the greatest common factor of 174 and k?
29
Let l be ((-2)/3)/((-2)/9). Suppose l*c = 3*o - 21, -2 = -2*c + 8. What is the greatest common factor of o and 6?
6
Let x(a) = 30*a**2 + 3*a. Let f be x(1). Calculate the highest common factor of f and 22.
11
Suppose -4*q + g = 38, 3*g - 7*g = 8. Let y = q + 26. Let o be (-56)/(2/((-1)/1)) - 4. What is the greatest common factor of y and o?
8
Let t be (-1 + 3)/(-4 + 5). Suppose 2*f = t*a, -3*f + 19 + 2 = 4*a. Calculate the highest common factor of 21 and f.
3
Suppose -5*x + x + 48 = 0. Let s = 106 - 88. What is the greatest common divisor of x and s?
6
Let u = -156 + 227. Let s = 115 - u. Suppose 33 = 2*a - z + 5, 5*z = 2*a - s. Calculate the greatest common factor of 6 and a.
6
Let w be 12/10*40/3. Suppose 6*y - 2*y = w. Calculate the greatest common factor of y and 1.
1
Let v = 86 + -41. Suppose 0 = -6*s + 3*s + v. Let n = 18 + -3. Calculate the greatest common factor of n and s.
15
Let h = 118 + -111. What is the greatest common factor of 3 and h?
1
Let d be (-4)/(-32) + (-255)/(-8). What is the greatest common divisor of d and 8?
8
Let a be 3 - (-76)/4 - -3. Calculate the highest common divisor of a and 275.
25
Suppose -44 = -3*l + d, -5*d = 6*l - l - 100. Calculate the highest common divisor of 16 and l.
16
Suppose 0 = -f - 5*c + 13, 0 = -0*f - 2*f - c + 17. Let w = f - 1. Suppose -3*p + 42 = -p. Calculate the highest common factor of p and w.
7
Let m = -16 + 52. Let b = 3 + m. Suppose -2*z + b = z. What is the highest common divisor of z and 39?
13
Suppose -35 = -5*l + 5*p, 0 = -2*p - 2 + 6. What is the highest common divisor of 45 and l?
9
Let s(v) = 2*v - 3. Let o be s(4). Let t be ((-88)/o)/(2/(-10)). Calculate the highest common factor of t and 11.
11
Let z(y) = y**2 - 6*y - 3*y**2 + 3*y**2 + 11*y. Let n be z(-6). Let j = 6 - 2. Calculate the highest common divisor of n and j.
2
Let a(z) = -8*z**3 + z**2 + 2*z + 1. Let p be a(2). Let x = p + 85. What is the highest common divisor of x and 10?
10
Let n = 3 - -3. Let v(l) = 8*l + 4. Let a be v(-6). Let r = -8 - a. What is the highest common factor of r and n?
6
Suppose -20 = -2*s + s - 5*r, 0 = 5*s - 5*r + 20. Suppose -3*x - 1 + 13 = s. Suppose x*v - 6*v = -192. Calculate the highest common divisor of 12 and v.
12
Let u be 6/4*52/6. Calculate the greatest common divisor of 52 and u.
13
Let m = -11 + 28. Suppose 20*g + 955 = 4015. Calculate the greatest common factor of m and g.
17
Suppose -5*k + 29 = 2*a - 4*a, -23 = -a - 5*k. Let p = -2 - a. Suppose p = z - 35 - 10. Calculate the highest common divisor of 18 and z.
9
Let k be -1*(86/(-8) - (-6)/8). What is the highest common divisor of 10 and k?
10
Let k = -27 + 46. Suppose -2*h + 3 - 1 = -3*u, 0 = -3*h - 2*u - 10. Let w be (-57)/((2 - 0)/h). What is the highest common divisor of k and w?
19
Let m be 8/2*9/18. What is the greatest common divisor of m and 10?
2
Let l = 36 - 18. Let f = l + 0. What is the highest common factor of f and 162?
18
Suppose 4*z - 5*g = z - 55, 4*z + 4*g = -116. Let t = -16 - z. Calculate the highest common factor of t and 1.
1
Let b = -114 - -202. Let c(p) = -p**3 - p**2 + 2*p + 3. Let g be c(-2). Suppose -g*n + 6*n - 33 = 0. What is the highest common factor of b and n?
11
Let f be (3/3)/1*32. Calculate the highest common factor of 128 and f.
32
Let g(t) = t**2 - 19*t + 12. Let x be g(19). Suppose -5*m + 62 = -58. What is the highest common divisor of m and x?
12
Let f(s) = -2*s + 1. Let q be f(-1). Suppose -5*y + 560 = q*t, 2*y - t - 66 = 158. What is the greatest common factor of 16 and y?
16
Suppose -4 = -4*s, 5*s = -v + 7*s + 19. What is the greatest common factor of v and 189?
21
Let o be (20/(-6))/(-2)*(9 + -3). What is the greatest common divisor of o and 2?
2
Suppose 10*p - 129 = 131. Suppose -210 = 5*z - 600. What is the highest common divisor of p and z?
26
Let w = 1 - -3. Suppose w*h = h + 27. Calculate the highest common divisor of 63 and h.
9
Let q(k) = 22*k - 1. Let p be q(1). Suppose -2*f = -5 - p. Calculate the greatest common divisor of 13 and f.
13
Suppose t + 0 = 3, 3*t = -2*w + 3. Let f(z) = -z - 2. Let h be f(w). What is the highest common factor of 2 and h?
1
Let z = 10 - 9. Let u = 11 + z. What is the greatest common factor of 24 and u?
12
Suppose 0 = -u + 3 - 1. Suppose u*k + 45 = 4*k + 3*h, 4*k - h - 83 = 0. Calculate the highest common factor of k and 147.
21
Let d(m) = -13*m - 2. Let n be d(-1). Calculate the greatest common divisor of 77 and n.
11
Suppose -3*d = 12, 3*p + 4 = -p - 5*d. Let i = 13 + p. Suppose -j + 68 = -2*f, -j - 3*f + 53 = -15. Calculate the greatest common divisor of i and j.
17
Let z be (-3)/4 - 304/(-64). Calculate the highest common divisor of 36 and z.
4
Let x(o) = -o**3 + 5*o**2 - 2*o + 1. Let s be x(3). What is the highest common factor of s and 13?
13
Suppose 3*h - 5*v - 123 = 0, 3*v = -h - 0*v + 55. Calculate the highest common divisor of h and 368.
46
Suppose -135 = -8*s + 3*s - 5*p, -p = 1. Calculate the highest common divisor of 210 and s.
14
Suppose -3*i = -5*i. Let l be i - ((-1 - 0) + -2). Calculate the highest common factor of 27 and l.
3
Let u be -3*(-2 - 21/(-9)). Let c be u/2 - 70/(-4). What is the greatest common factor of 187 and c?
17
Let x be ((-3)/2)/(21/56). Let g be (-1356)/(-15) - x/(-10). What is the greatest common divisor of g and 10?
10
Suppose 90 = 4*r - 162. Let z be 145/20 + 1/(-4). Suppose 0 = 2*i - i - z. What is the greatest common factor of r and i?
7
Let p = 4 - -32. Calculate the highest common factor of 24 and p.
12
Suppose 0 = f + 4*s - 30, 0*f + 3*s = f - 16. Calculate the highest common factor of f and 132.
22
Let x(m) = -m - 6. Let v be x(-6). Suppose d - 112 = -2*y, -y = -v*d - d - 53. Suppose q + 0*q = y. What is the greatest common factor of 5 and q?
5
Let c be 28/(-6)*1*-3. Let l be ((-36)/(-27))/((-2)/(-69)). Let p = l - 25. Calculate the greatest common factor of p and c.
7
Let t(z) = 6*z. Let v be t(3). Calculate the greatest common factor of 27 and v.
9
Let c be 20/1 + 0 + 0. Suppose -2*f - h - 3 = 2*h, 0 = -4*h + c. Let o(m) = m**2 + 5*m + 3. Let x be o(f). Calculate the greatest common divisor of x and 26.
13
Suppose 0 = p - 3 - 3. Let x(o) = -o + 7 + p*o + o + o**2. Let r be x(-6). What is the highest common divisor of 49 and r?
7
Suppose 10 = -0*j + 2*j. Suppose 4*k - 41 = -j*r + 7*k, 0 = -r + 4*k + 15. Let v(g) = -g - 5. Let z be v(-6). Calculate the highest common divisor of r and z.
1
Let m(j) = -5*j + 2. Let g(v) = 2*v + 2. Let y be g(-2). Let c be m(y). Let r be 64*(-4)/32*-6. Calculate the highest common divisor of r and c.
12
Let o be 85/17 + (0 - -2). Calculate the greatest common diviso